t - 5. Let o be d(-5). Suppose -5 = -f - o*f, 4*g - 3*f = -15. List the prime factors of (-8 - 29)/(g + -1).
37
Let p(t) = 32*t**2 - 2*t + 2. Let b be p(2). Suppose -5*i + 390 = 3*n, -179 - b = -4*i - n. List the prime factors of i.
3, 5
Suppose 0 = -4*d - 2*d + 3720. What are the prime factors of d?
2, 5, 31
What are the prime factors of (-6576)/(-20) + ((-18)/30)/(-3)?
7, 47
Let d(m) = -m**2 - 3*m + 22. Let h be d(-7). List the prime factors of 80/h*(-12)/16*6.
2, 3, 5
Let r(q) = -q**2 - 1. Let y(j) = -4*j + 0*j + 2*j**2 + j**2 + 0*j + 5. Let m(g) = 2*r(g) + y(g). What are the prime factors of m(5)?
2
Let p be (-1)/(-2) + (-182)/28. Let v(f) = -f - 2. Let x be v(p). Suppose -23 = x*s - 83. List the prime factors of s.
3, 5
Let d = 309 + -204. What are the prime factors of (-837)/(-5) - (-63)/d?
2, 3, 7
Suppose -4*j + 480 = -2*j. Suppose m - 2*r - 103 + 43 = 0, -5*r + j = 4*m. Suppose -c + 37 = 2*c + 5*h, -4*c + m = -4*h. What are the prime factors of c?
2, 7
Let y be (-2)/2*2/2. Let h = 13 + y. Suppose 45 + h = 3*b. What are the prime factors of b?
19
Let q = 453 + 41. What are the prime factors of q?
2, 13, 19
Suppose -k + 5 = 2*a, 2*k = -a - 5 - 0. Suppose n = 4*n + s - 78, 2*s = 2*n - 52. Suppose -7*t + a*t = -n. What are the prime factors of t?
13
Suppose 4*q + 5*a - 7274 - 1084 = 0, 0 = 2*a - 4. List the prime factors of q.
2087
Let l(g) = -4*g - 2 - 5*g - 4*g - 3*g**2 - 6. Let d be l(-6). List the prime factors of (d/4)/((-1)/2).
19
Let t(k) = 2669*k**2 + 10*k - 7. What are the prime factors of t(1)?
2, 167
Let n = -16 + 30. Suppose 6*b = -n + 2. Let l(o) = 7*o**2 + 3*o + 2. What are the prime factors of l(b)?
2, 3
Let v be (72/(-10))/(1/(-5)). Let t be (-4725)/350*2/((-1)/1). Let m = v - t. List the prime factors of m.
3
Suppose -25051 = -14*n + 8185. List the prime factors of n.
2, 1187
Let v(r) = r**2 - 7*r + 1. Let q(a) = 5*a**2 - 28*a + 3. Let z(f) = 2*q(f) - 9*v(f). Let d be z(-8). Suppose 0*o + 305 = d*o. What are the prime factors of o?
61
Let s(h) = 266*h**2 - 7*h + 2. What are the prime factors of s(1)?
3, 29
Let f = -60 + 198. Suppose -10*i - f = -12*i. What are the prime factors of i?
3, 23
Let l(w) = w**3 - 7*w**2 + 15*w - 4. Let r be l(4). What are the prime factors of ((-282)/(-8))/((-1)/r*-2)?
3, 47
Let o be (-27)/(-6)*(1 - 3). Let c be o/(-6) + 4/(-8). Suppose -5*y + 89 + c = 0. What are the prime factors of y?
2, 3
Let k(v) = 2*v + 5. Let b be k(-7). Let h be b/(-12) - 1097/(-4). Suppose -4*l = -2*j + 88, 2*j = -3*j - l + h. What are the prime factors of j?
2, 3
Suppose 3*k + 3*s = -s + 3567, 2*k - 2378 = s. List the prime factors of k.
29, 41
Suppose -2*u = 3*f + 2*u + 3, 5*u = -15. Let r be f*(-3)/(-6 - -3). Suppose 3*v + w - 59 = -4, -65 = -r*v + 4*w. What are the prime factors of v?
19
Suppose -15*x + 14224 = -21431. What are the prime factors of x?
2377
Suppose 20 = 2*g + 3*g. Suppose -5*z = g - 29. Suppose z*m = 3*c + 65, -2*m - 2*m + 44 = -4*c. What are the prime factors of m?
2
Suppose 0 = -0*i + 4*i - 160. Let n be (8/10)/(17/(-340)). Let y = i + n. List the prime factors of y.
2, 3
Suppose -5*s + 92 + 23 = 0. Suppose -3*k + s = 7*d - 3*d, k = 2*d - 9. Suppose 6*f - d*f = 7. What are the prime factors of f?
7
Let r be (-3)/(-9) + (-4205)/15. Let t = -187 - r. Suppose -7*p + 2*p + 4*c + 108 = 0, -4*p = -c - t. List the prime factors of p.
2, 3
Let w(f) = -23*f**2 + 10*f - 15. Let p(c) = -8*c**2 + 3*c - 5. Let q(s) = 11*p(s) - 4*w(s). What are the prime factors of q(4)?
41
Let n = 149 - 146. Suppose -4*z = -n*j + 909, -4*j + 1212 = 4*z + z. What are the prime factors of j?
3, 101
What are the prime factors of 7 - 1 - (-206 + 20)?
2, 3
Let s = 834 + -372. List the prime factors of s.
2, 3, 7, 11
Let w be 0 - -3*(-12)/(-9). Suppose -4*b + 0 = -w. Let x(c) = 30*c. List the prime factors of x(b).
2, 3, 5
Let f(k) = -k**2 + 163*k - 166. What are the prime factors of f(29)?
2, 3, 5, 31
Let d = -129 - -216. Let n = d + -29. List the prime factors of n.
2, 29
Let o(i) = i**3 - 14*i**2 - 27*i - 32. List the prime factors of o(19).
2, 3, 5, 7
Let n(r) = -99*r + 382. What are the prime factors of n(-17)?
5, 7, 59
Let v(n) = 10*n - 7*n - 63*n + 1 - 20*n. What are the prime factors of v(-1)?
3
Let f(a) = 95*a**2 + 5. What are the prime factors of f(5)?
2, 5, 7, 17
Suppose 6*z - 8 = 4*z. What are the prime factors of ((-266)/4)/((-6)/z - -1)?
7, 19
Let f = 102 - 72. What are the prime factors of (f - (3 - 0)) + 2?
29
Let z = -1658 - -2470. What are the prime factors of z?
2, 7, 29
Suppose -6*d + 11*d = 2920. Suppose 4*p + 4*p - d = 0. What are the prime factors of p?
73
Suppose -3*l + 20 = 2*l. Suppose 4*c = -3*k + 2*c + 10, 4 = l*k + 5*c. What are the prime factors of -1*(1 - (k - 3))?
2
Let g(b) = b**2 - 19*b + 1. Let n(t) = -2*t**2 + 37*t - 3. Let q = -33 + 36. Let v(o) = q*n(o) + 5*g(o). What are the prime factors of v(11)?
3, 17
Let j be 2/(-6) + 20/(-3). Let q(x) = 8 - 11 - 2 - 135*x + 0 + 129*x. List the prime factors of q(j).
37
Let t(a) = 5*a - 8*a + 4*a. Let g be t(-1). List the prime factors of -1*(3 + -6 - g).
2
Suppose 3*h + 58 = -3*c - 125, -4*h - 2*c = 242. Let r be (6/((-60)/(-35)) + -3)*-52. Let t = r - h. What are the prime factors of t?
2, 17
Let w(p) = 111*p + 153. List the prime factors of w(11).
2, 3, 229
Suppose 17*g - 586 = 1709. List the prime factors of g.
3, 5
Let h(x) = 20*x**2 + 0*x - 5 - x + 20*x**2 - 17*x**2. List the prime factors of h(-2).
89
Suppose 6*u - 2*u = -4*i + 20, 5*i + 3 = 2*u. Suppose -7 + 19 = u*s. Suppose 0 = 5*w - 4*r - s, -5*w + 24 = -r + 4*r. List the prime factors of w.
3
Let d = 6558 + -2744. List the prime factors of d.
2, 1907
Suppose -5*d + 10 = -6*d. Let b(c) = -c**2 - 9*c + 12. Let j be b(d). Suppose 0 = 2*n + 10, -2*m + 2*n + 138 = j*m. List the prime factors of m.
2
Let n be (1/1)/(3/15). Let y(x) = -4*x**2 + 7*x - 2. Let w(c) = -5*c**2 + 8*c - 2. Let j(t) = 3*w(t) - 4*y(t). What are the prime factors of j(n)?
7
Suppose 266 = 43*t - 14870. List the prime factors of t.
2, 11
List the prime factors of (9 - 6)/((-6)/(-70)).
5, 7
Let q be 4/(-5)*330/(-12). What are the prime factors of (11 + -10)/(1/q)?
2, 11
Let b(w) = 4*w**2 + w + 6. Let o be b(-3). Suppose -2*p - 66 = -2*s, 2*s + 2*p = s + o. What are the prime factors of s?
5, 7
Let o(i) = -16*i - 5*i + 17 - 7*i - 8. What are the prime factors of o(-7)?
5, 41
Let o(g) = -g**2 + 14*g - 18. Suppose -3*u - 5*b = -36, 5*u + 0*b = 2*b + 60. List the prime factors of o(u).
2, 3
Suppose 156*z - 161*z = -3260. List the prime factors of z.
2, 163
What are the prime factors of 1*(5 - 3) + 139?
3, 47
Suppose -107*v + 99*v + 7864 = 0. What are the prime factors of v?
983
Let t(s) = 10*s + 0*s + 22 + 2*s. Let k(v) = -6*v - 11. Let o(p) = 7*k(p) + 3*t(p). What are the prime factors of o(-5)?
19
Suppose 0 = -3*z + 2*w - 192, 5*w = 5*z - 1 + 316. Let s = z + 74. What are the prime factors of s?
2
Let v(q) = 10*q**3 + q**2 - q - 1. Let h be v(-1). Let g = h - -128. List the prime factors of g.
7, 17
What are the prime factors of (-1405)/(-2)*(1 + 3/(-5))?
281
Let d be ((-150)/(-9))/(1/6). List the prime factors of 8/(-20)*d/(-4).
2, 5
Suppose 5*w + 1575 = 5*d, 4*w - 60 = -5*d + 1515. List the prime factors of d.
3, 5, 7
Let d be 3/((-6)/22) + (-18)/6. Let i(u) = u**3 + 14*u**2 - 5*u - 28. List the prime factors of i(d).
2, 3, 7
Suppose -2*b = 3*u - 2569, -5*b - 12*u + 6431 = -13*u. What are the prime factors of b?
2, 643
Let s be (4 - -2)*128/6. Let a = s - 82. What are the prime factors of a?
2, 23
Suppose -3*g - c + 2 = 0, 2*c + 7 = 4*g - 9. What are the prime factors of (-2 + g*-37)/(-2)?
2, 19
Let y = -9 + 14. Let h(w) = -15*w - 4 + y + 2*w**2 + 10*w. List the prime factors of h(4).
13
Let k(q) = -q + 1. Let m be k(2). List the prime factors of 37 + 2/m + 2.
37
Suppose -3*g = -g - 4. What are the prime factors of g/3 - (-2569)/21?
3, 41
Let q(p) = 3 + 4 + 7*p + 19 + 7. What are the prime factors of q(8)?
89
Suppose m - 1 = -p + 2*p, -4*m - 3*p = -25. Suppose 132 + 16 = -m*s + 4*z, 3*s - 2*z + 109 = 0. Let v = 52 + s. List the prime factors of v.
17
What are the prime factors of (-108 - 5*12/20)*-12?
2, 3, 37
Let x(q) = q**3 + 6*q**2 + q. Let u be x(-5). Let h be u/(-6) + 6/(-9). What are the prime factors of h - ((-27)/1 - -1